+ -5?
2
-8 + (-19 - -26) + (-1 - 1)
-3
What is -1 + 4 - ((-3 - -4) + 1)?
1
What is 2 - (-7 - (-3 + 1) - -1)?
6
Evaluate -3 - -1 - (1 + 1).
-4
-4 - (-4 - -4 - 1)
-3
Calculate 4 + -6 - 1 - (10 - 7).
-6
7 + -6 + -5 + -2
-6
Evaluate 1 + 2 + 4 + 3.
10
Calculate 3 + (-5 - (-4 + -3)) - 2.
3
What is 23 + -19 + (0 - 9)?
-5
What is the value of (-7 - -5) + 0 + 7?
5
-2 - (0 - -4 - 3)
-3
What is (40 - 34) + (-5 - 1)?
0
(4 - 2) + (8 - (2 - 2))
10
Evaluate -2 + -1 + 1 - (-5 - -4).
-1
Evaluate (6 - 0 - 0) + (-3 - 2).
1
21 + -40 + (6 - 0) - -5
-8
What is (5 + -11 - -5) + 11?
10
What is (-1 - (1 + 0)) + 0 + 7?
5
Calculate 10 + (-10 - -5 - 5).
0
Calculate 1 + 5 + (-19 - -10).
-3
Calculate 12 + -24 - -19 - (5 + 0).
2
What is 29 + -12 + -11 + -1?
5
What is the value of 3 + -1 + -13 + 14?
3
Calculate -3 + 21 + -17 + -1 + 1.
1
7 + -9 + (2 - 2) + -3
-5
What is (-1 - -3) + -20 + 9 + 14?
5
Calculate 0 - -7 - (-4 - -7).
4
Evaluate 7 + -13 - -7 - (1 - 1).
1
What is the value of -1 + 8 + (-51 - -41)?
-3
What is the value of (6 - (10 - (4 - -3))) + -3?
0
Calculate 7 - (8 + 1) - -10.
8
What is 0 - (4 - 5 - 1) - -3?
5
What is the value of -2 - ((2 - 3) + 2 - 3)?
0
What is 0 + 10 + (-12 - -7)?
5
Calculate 0 - (0 - (-4 - -7)).
3
What is 15 + (-9 - -1) - (5 - 1)?
3
-1 - (-6 + -3 - -3)
5
What is 3 + -4 + 3 + -1 - -1?
2
1 - ((-2 - 1) + 3 - -6)
-5
What is -2 + (-1 - -4) + 0?
1
7 + (9 + -11 - (0 + 1))
4
What is -1 - (2 + 1 + 2 + -3)?
-3
Calculate 1 + -5 + (-2 - -2) + 3.
-1
Calculate -1 - 4 - (2 - 1 - 4).
-2
What is -5 + -2 + (1 - -6) + 2?
2
What is (9 - (2 + (-5 - -4))) + -1?
7
(7 - 3 - 5) + -3
-4
What is 9 + (-23 - (-1 + -6))?
-7
Calculate -3 + ((-2 - -1) + 1 - 1).
-4
Calculate (16 - 3 - 8) + -10 + 0.
-5
What is -2 - (-8 + 0 - (9 + -12))?
3
Calculate 0 + -2 + -3 - (-18 - -8).
5
What is 5 + (-3 - -13) + -10?
5
What is 1 + (4 + -5 - 5) + 0?
-5
Calculate (5 - (0 + -1)) + -2.
4
What is the value of -7 - (5 - 3 - (5 - 2))?
-6
Calculate 1 + (-4 - -11 - 7).
1
Evaluate 1 + -4 + 9 + (-29 - -17).
-6
What is the value of 3 + -2 - (7 + -2 - 1)?
-3
Calculate -6 + 7 + -7 + (-6 - -7).
-5
What is 1 + 5 + 1 - -1?
8
Evaluate -1 + -3 - -6 - -3.
5
What is the value of (5 - (4 + -3)) + -8 + 4?
0
Calculate (1 + 2 - 3) + 4.
4
-7 + -9 + 8 - -12
4
What is the value of -7 - -1 - (-13 - -6)?
1
What is -1 - (-4 - -4) - -3 - 0?
2
What is -4 - (-19 + -6 + 11)?
10
What is (-9 - (-1 - 6)) + (0 - -4)?
2
What is the value of (3 - 0) + -3 + -3 + 2?
-1
(5 - 12) + 5 - 2
-4
Evaluate 3 - (2 - (0 - (3 + -3))).
1
(5 - -3) + (-7 - -2)
3
What is -15 + (-9 - -24) - -7?
7
Calculate (-4 - (-4 - 0)) + -4.
-4
What is the value of 2 + (1 - (-5 + -1)) + -3?
6
4 - (-1 + 5) - (0 - 0)
0
Calculate (-3 - (-5 - -2)) + -5.
-5
Evaluate 0 + 14 + -3 + -15.
-4
Evaluate 3 - (-1 + 8 + (-9 - -8)).
-3
Evaluate 3 - -8 - 13 - (1 + -3).
0
-2 + 3 + -3 + 2 - -1
1
Calculate 17 - 6 - (2 + -5 + 11).
3
Calculate -7 + (-4 - -5) + 2.
-4
(2 - (2 - 5)) + 0 + -1
4
Evaluate (-2 - -5) + 1 + -9.
-5
Evaluate 4 + (4 - 2) + -9.
-3
What is -1 + 0 + (-9 + 6 - -6)?
2
What is the value of 8 - (-6 + 10 - -3)?
1
What is -5 - (-7 + -4 + 6)?
0
Evaluate 1 - -1 - (-2 - -5 - 6).
5
What is (-3 - 0) + (5 - -1)?
3
4 + 3 + 3 + -15
-5
Calculate -2 + 6 + -6 - (8 + -3).
-7
What is the value of -10 - (2 + -6 + (-4 - -4))?
-6
What is 2 - 7 - (-2 - (-3 - -2))?
-4
Evaluate -7 + 12 + -5 - (0 - 3).
3
What is 2 + 4 + -25 + 22?
3
What is -4 + -3 + 4 - -7?
4
Evaluate (4 - (3 - 2)) + 2 + -4.
1
Evaluate -2 + (3 - -5 - 3).
3
What is 6 + -1 - (12 - 5)?
-2
-5 + 0 - (4 - (9 - 1))
-1
Calculate 9 - (5 - (-3 + 0)).
1
Evaluate 1 + -3 + -11 + 26 + -23.
-10
-5 + 0 + 2 + (10 - 3)
4
Calculate -10 - ((-4 - 4) + 5).
-7
Calculate 0 + -6 - (1 - 9).
2
Evaluate -5 + (-2 - (0 - 2)) + 0.
-5
Evaluate -15 - (13 + -7 - 14).
-7
Calculate 2 - (-6 + 5 - (-2 + 1)).
2
Evaluate (-5 - (8 - 4)) + 6.
-3
What is the value of (2 - (-2 + 5)) + -3?
-4
What is the value of -8 + -2 - (-15 + 4)?
1
Evaluate 1 + 4 + 3 + -3 + -1.
4
What is the value of (11 - 8) + -1 + 0?
2
Calculate (0 - 1) + -41 + 41 - 3.
-4
Evaluate -3 - (0 + -8) - (0 + 8).
-3
What is the value of 0 + (-5 - -1 - -4)?
0
What is (3 - 7) + 4 + (-2 - -3)?
1
What is -7 + -7 + (5 - -6) + 0?
-3
What is the value of 1 + 2 - (-10 - -14)?
-1
Evaluate -29 + 34 + 0 + -2.
3
What is 8 + -11 - (-1 - 2) - -3?
3
Calculate -4 + 1 + 12 + -11.
-2
Evaluate (-6 - -3 - 0) + 6.
3
7 + (-13 - -3) + 7
4
What is -4 + 1 - (-4 + -1)?
2
Evaluate -4 + -2 - (-15 + 2 - -11).
-4
Evaluate -2 - (5 + -2 - 3).
-2
Calculate -1 - (-1 + (-3 - -3)).
0
Evaluate -2 - 1 - (5 - 14).
6
(2 - 2) + (-2 - 2)
-4
0 - (0 + -2 - -3)
-1
Calculate (-19 - -9 - -10) + 1.
1
-7 - ((-7 - 0 - -5) + 1)
-6
(-7 - (0 - 20) - 7) + 1
7
What is (-5 + 1 - -9) + (-31 - -26)?
0
What is -3 + (-7 + -6 - -6 - -8)?
-2
What is the value of -1 + 1 + (-3 - -1) - -1?
-1
Calculate -4 - -5 - (0 - -2) - 1.
-2
-3 + (-6 - -2 - (-8 + 2))
-1
Calculate (1 - 5) + 5 + (-3 - -7).
5
Calculate (6 - 11) + 5 - (-4 + 1).
3
Evaluate -1 - 10 - -8 - (-9 - -2).
4
Evaluate (55 - 43) + -5 + -2.
5
Calculate -8 + 6 + 5 - (9 - 0).
-6
Calculate 3 + 0 - -3 - (6 - 5).
5
Evaluate -8 - 11 - -4 - -10.
-5
Evaluate -6 + 0 + (0 + 0 - -2).
-4
Evaluate (-1 - -4) + (-4 - 1) - -4.
2
Calculate 2 - 4 - (3 - 8 - -3).
0
What is (13 - 13) + (7 - 2)?
5
Calculate 1 - 4 - (-4 - -3).
-2
What is 6 + 2 + (23 - 27)?
4
What is 9 - (7 + 1 + -6 + 2)?
5
(-2 - (5 - 11)) + -5 + -3
-4
What is (3 - 4 - -3) + -8 + 5?
-1
Calculate -11 + (-6 - -4 - -8).
-5
What is 0 - (-2 + (-5 - -5))?
2
5 - (10 - 11) - 8
-2
What is 3 - (2 - -2 - -7) - -3?
-5
Calculate 2 + 1 + 3 + -3 + -4.
-1
What is the value of (0 - -2) + (14 - 8)?
8
What is the value of 6 - (-2 + -4 + 0) - 3?
9
What is (-19 - -19) + (-3 - 0) - 0?
-3
What is -1 - ((7 - -1) + 14 + -17)?
-6
Calculate 2 - (4 + 2 + 1).
-5
Calculate 1 - (4 + -1 - 6 - -5).
-1
What is -2 - ((-4 - -9) + 4 + -3)?
-8
What is the value of -3 + (4 - 5) + (-2 - -2)?
-4
What is the value of 4 - 9 - (0 + (-2 - -3))?
-6
Calculate -5 + 4 + -6 + 2.
-5
Evaluate 1 - (8 + -1) - (-233 + 220).
7
Calculate 1 + 3 + 18 + -25.
-3
What is the value of -4 + (-4 - -8) + 3?
3
What is the value of 3 + (2 - -1) + -10 - 0?
-4
Evaluate -6 + 3 + 12 + -11.
-2
What is 9 - (-11 + -7 + 24)?
3
Calculate 3 + 3 + -4 - 5.
-3
Calculate (-11 - (-4 + 1)) + 6.
-2
What is the value of 11 + (5 - (-9 - -14) - 0)?
11
-1 - 1 - (15 - 21)
4
Evaluate -2 + 10 - 2 - (-11 + 13).
4
Evaluate 10 + 0 - (-52 + 59).
3
Evaluate 19 + -20 - (-6 - 0).
5
Evaluate 68 - 56 - (-2 + 5).
9
Evaluate (-5 - -1) + 15 + 15 + -25.
1
What is the value of -10 - ((-5 - -11) + -12 + 5)?
-9
What is the value of -3 - (7 - 3 - 5 - -3)?
-5
What is 2 - 6 - -7 - 0 - 6?
-3
What is 4 + -9 + -4 - -4?
-5
-1 + -1 - (4 + -6 - -4)
-4
Calculate -5 + 3 + -1 - 3 - -1.
-5
6 - (4 + 8 - 6)
0
Calculate 3 + -4 - (1 - 0).
-2
11 + (-6 - 4) - 1
0
What is the value of -46 + 45 - (0 + 1)?
-2
What is -2 + 2 + 6 + -3?
3
What is the value of (3 - 2) + 3 - 4?
0
What is 5 + (4 + -17 - -7) + -1?
-2
Evaluate -6 + 8 + (-18 - -11).
-5
Evaluate (0 - 1) + (-1 - -1 - 1).
-2
(4 - (-3 - -4) - 4) + 3
2
What is (0 - 9) + 7 + 3?
1
Calculate -5 - (-5 + 2 - 2).
0
Calculate 12 - (-4 - (-11 + 1)).
6
What is the value of 4 + 0 + 4 + -5?
3
Calculate 2 + -3 + (-3 - -8).
4
-1 - 1 - 1 - (10 + -13)
0
What is (9 - 10) + -3 + (3 - -1)?
0
What is 9 - (-1 + 6 - -1)?
3
What is (-3 - 3) + (-1 + 5 - 3)?
-5
What is the value of 5 - (3 - (-10 + 3 - 0))?
-5
Calculate -1 + 4 - 8 - 0.
-5
-1 + 0 + -2 + 5
2
Calculate 4 + -8 - -2 - 3.
-5
-17 + 22 + 0 + -5 + -1
-1
Calculate 7 + (-1 - (25 + -13)).
-6
What is -3 - (0 - (3 - 4)) - -8?
4
Evaluate -1 + (-1 - 1) + 8 + -2.
3
Evaluate -4 - (-13 - (-14 + 7)).
2
Evaluate -1 - ((-1 - 4) + 12 + -5).
-3
Evaluate -6 + 1 + (20 - (4 + 3)).
8
What is the value of (2 - (-4 + 7)) + 4?
3
-1 + 0 - (-12 - (23 - 33))
1
What is the value of (-9 - (-1 - (3 - 8))) + 5?
-8
Calculate (-3 + 0 - 9) + 9 + -4.
-7
Calculate (-13 - -17 - -4) + (0 - 1).
7
Evaluate 4 - (1 - -2) - 0.
1
What is 2 + (5 - 1) + -2?
4
Evaluate (-1 + -3 - 1) + 7.
2
What is the value of 1 - 2 - (4 - -2) - -4?
-3
What is 1 - (1 - ((-2 - -8) + -4))?
2
16 - (-5 - -13) - 3
5
What is -8 + 6 + 6 + -5 + -3?
-4
Calculate -5 - ((-2 - (-4 + -3)) + -6).
-4
Evaluate -4 - ((-6 - -7) + 1 + -2).
-4
What is the value of 1 + 0 + -7 + (-11 - 